((-54 - 33) + 56).
-9
Evaluate -7 + 13 + -1 + -14 - (1 + -14).
4
Calculate -1193 + 1155 + (-3 - -44) + 3 + -1.
5
Evaluate 26 - (3 + -27 + 50) - -72.
72
38 - (-2 - (8 - 48))
0
Evaluate (-20 - -11) + -22 + 37 + -3 + 4 - -97.
104
39 + -2 + 1 - (-1373 - -1356)
55
What is (-1 - 35) + -32 + (-46 - -98)?
-16
What is 106 - ((10 - (11 - -32)) + 57)?
82
-48 + 0 + 118 + -103
-33
-17 + (-10 - -9) + 0 + -152 + 264
94
What is -15 + 24 - (1 - (-8 - -37))?
37
Evaluate (12 - (70 + -100)) + -37.
5
Evaluate (-3 - (9 + (0 - (-12 - -15)))) + 118 + -6.
103
29 - (83 - (-34 + 71))
-17
-119 + (130 - 25) - 98
-112
Evaluate 28 - ((1 - 8) + -10 - ((-2 - -5) + -10)).
38
Evaluate -65 - (-70 + 74) - -28.
-41
Calculate (-2 - -9) + (60 - 1 - (-60 - -50) - -16).
92
Calculate -173 + (-42 - -100) - -141.
26
Evaluate (16 - -91) + -5 + 1 + (-2 - 12).
89
16 + 0 + (-18 - ((29 - -13) + 39))
-83
Evaluate 60 + -5 - (-112 + 181).
-14
Calculate 1 - -20 - (51 + 25 + (-88 - -28)).
5
What is (4 - 10 - 2) + (7 - 5) + -8?
-14
5 + -16 + (15 - 9 - -9) + -1 + 12
15
-49 + (-7 - -39) - -43
26
What is (-60 - (-16 + -138)) + 23?
117
Evaluate -8 - (2 + -19) - (-17 - 24 - -2).
48
What is the value of -4 + -18 + 19 - 18 - -16?
-5
Calculate (-8 - (-13 - -3 - 3)) + (10 - (1 - 26)).
40
(-7 + 15 - 41) + 20 + 122
109
What is the value of 2 + -13 + -9 - (-300 - -298 - (2 - -1))?
-15
What is the value of (-43 - (56 - (51 - 30))) + (-3 - 4)?
-85
Calculate -24 - (-39 + 1 - (-630 - -646)).
30
Calculate (1 + 34 - -1) + (26 - (15 + 5)) + -13.
29
Evaluate -8 - (34 - (31 - 1) - (-1 + 5)).
-8
What is the value of 60 + -16 + -51 - (-30 + (-2 - -4)) - -6?
27
Calculate -73 + -21 + 57 + 16.
-21
Calculate 3 + -2 + 25 + 48 + -42.
32
What is the value of 1 - 3 - (317 + -297) - (7 - -5)?
-34
Evaluate (0 - (-1 + -2)) + (-85 - -88) + (49 - 103).
-48
9 - -1 - ((13 - -1) + -10 + 8)
-2
-17 + -29 + (-18 - -33) + (1 - 10 - -1)
-39
Calculate -4 + -7 + 11 - (-1 - -2) - 34.
-35
What is -2 + -17 - (-375 + 399 + (-13 - -2))?
-32
10 + (-58 + 53 + 1 - (-1 + -51))
58
Calculate -3 + -4 + 14 + 13 + -12 + 6.
14
What is (19 - (2 + -6 + 6)) + -56?
-39
What is the value of (-3 - -4) + 6 + -4 + 5 + -2 + -75?
-69
What is (178 - ((24 - -12) + -19)) + -30?
131
What is (42 + -47 - (-3 - 3) - -6) + -1?
6
Evaluate -219 + 212 + (33 - -13).
39
What is 8 + 41 + 2 + -30?
21
Calculate -34 + 112 - 83 - (-1 - 8 - -1) - -56.
59
Calculate 172 + (6 - 138) + 74.
114
What is (-44 + 3 - 10) + 32?
-19
Evaluate 25 + (-37 - -34) + -3.
19
Calculate (9 - 3) + -25 + (1142 - 1181).
-58
What is (-9 - -8) + 6 + (38 - 45 - (0 - -33))?
-35
Calculate -137 + 97 + -18 - -125.
67
What is 6 - (27 + 21 + -11 + (2 - -11))?
-44
Evaluate 19 + -1 - (-106 - (15 - 113)).
26
Evaluate 63 + (0 + -7 - (-596 + 588)).
64
Calculate (-51 + 33 - 8) + (4 - -140).
118
What is 1 + 1 + 65 - (2546 - 2516)?
37
What is the value of 2 - -16 - 1 - ((15 - -19) + -19 + -14)?
16
(0 - -16) + -12 + 45 + -21 + 2 + -19
11
Evaluate 47 + -17 + 11 + (-2 - -4 - (19 + -21)).
45
What is the value of (33 - 41) + -43 + 5?
-46
12 - 10 - (-2 - 8) - (8 - (-11 + 20))
13
Calculate (36 - 9) + -9 + -23 + 20 + 18.
33
Calculate 50 + 13 - (53 - 20).
30
Calculate -109 - (-75 + -57) - 46.
-23
What is the value of (13 - (69 + (-20 - -28))) + 5 + 3?
-56
What is 11 - (78 - (36 + -69 + 23))?
-77
Calculate -17 + -20 + -25 + -21.
-83
What is the value of -45 + 10 + (0 - 9) + -30 + 23?
-51
(68 + -53 - 48) + 49
16
Evaluate (-1873 - -1896) + -14 + 2.
11
-77 + 21 + 84 - (16 - (-1 - -3))
14
Evaluate 2 + -3 + -46 + 42 + (-54 - -18).
-41
What is the value of (-9 - (-69 - (5 + -8))) + (-1 - (7 + -6))?
55
Evaluate 3 + -40 - ((-24 - -9) + 9).
-31
Evaluate -3 - -32 - (88 + -146 - -60).
27
What is (19 - -41) + 65 - 221?
-96
What is -49 + (-41 - -7) - -98?
15
-35 - (78 + -34 - 71)
-8
53 + -28 - 32 - -49
42
What is 43 - (-14 + -6 + 13 - -20) - (2 + -9)?
37
64 - (49 + -79 + 47)
47
-139 + 77 - -92 - (47 - 1)
-16
Evaluate 23 - (-72 + 201) - (3 - 7 - 2 - -3).
-103
What is the value of 32 + -55 + (-6 - -46) - (-1 - -88)?
-70
366 + -327 + 4 + -8 + 8 + -4
39
What is the value of -36 - ((11 - 1) + (5 - (3 + -3 + 7)))?
-44
What is 6 - 20 - (11 + -1 - 82)?
58
Evaluate -26 + -3 + 8 + 34 + 48 + -57.
4
Evaluate (3 - (10 - 40)) + 240 + -338.
-65
1 - (9 + -2 + (-28 - -38 - (11 - -1)))
-4
What is -220 + (-58 - -121) - -114?
-43
Calculate -1 - -13 - (-13 - (-14 + 26)).
37
Evaluate -117 + 4 + 64 + -94 + (-2 + 7 - -7).
-131
Evaluate -31 - -30 - 34 - (1 + 2 - -5).
-43
Evaluate -24 - ((-9 - 0) + 37 + -51).
-1
-13 + 67 + (-6 - 23)
25
What is the value of (-148 - -114) + 1 + 112?
79
Calculate -81 - (-72 - -46 - -34 - -27).
-116
What is the value of 13 - 23 - (24 + -33 + (41 - 3))?
-39
Calculate 8 + (45 - 59) + (4 + -2 - -11).
7
Evaluate 87 - (-46 - (38 + -47 + -17)).
107
Evaluate 10 - (-9 - (-4 - (14 + -23 - 7))).
31
(-16 - -5 - 5) + (-205 - -210)
-11
What is (-12 + -48 - -143) + (-3 - -4 - (-1 - -15))?
70
Evaluate (-151 - -70) + 0 + 57.
-24
Evaluate 520 + -389 - (7 - -81).
43
Calculate ((32 - 2) + 30 - (1 - -9 - -1)) + 4.
53
3 + -117 + 44 + 63
-7
What is 5 - 3 - (-2 - -6) - (30 - -23)?
-55
What is the value of 15 - ((19 - 22) + -25 + 7)?
36
What is 10 - (-107 + 0 - (14 - (22 + 11 + -7)))?
105
What is the value of (4 - -2 - 3) + (-1 + -4 + 0 - -4)?
2
Evaluate -1700 + 1790 + (-69 - -5).
26
What is the value of -61 + (11 - -34) - 11?
-27
-10 + -2 + 1 - (5 - 2 - (-468 - -477))
-5
(5 - -2 - (1 + 11)) + -70 + (-9 - -13)
-71
Calculate 89 + (43 - 168 - -56).
20
Evaluate 7 + -29 + 6 + (-86 - -73).
-29
Calculate (1 - (-1 + -8)) + (-1937 - -1931) - 44 - 1.
-41
Calculate 43 + (-16 - (-3 + -12 - (6 + -11))).
37
Calculate (-34 - -27 - -11) + (9 - (-5 - -9) - -59).
68
What is the value of -7 - (-7 + 11 + 5 + 8 + -48)?
24
Calculate (-5 - 40 - -42) + -19.
-22
Calculate 7 + 2 - (-8418 + 8445).
-18
Evaluate -107 + 22 - (-90 + 7).
-2
25 - (10 - (-5 - 13) - 16 - 18)
31
What is (59 - 56 - 19) + 27?
11
-72 + 0 - ((-8 - -7 - 2) + (-117 - -111))
-63
What is the value of 30 + 1 - (-22 + 11 + 11 - (-13 - -8))?
26
Calculate (0 - 38) + 30 + -24 + 2 - -7.
-23
What is the value of (2 + 0 - ((10 - 14) + 2)) + 30 + 16?
50
What is 18 - ((18 - (10 + -4)) + -8)?
14
Evaluate -11 + (-5 + (8 - 1) - (-90 + -1 - 13)).
95
What is -11 + (3 - (-39 - (21 - 41)))?
11
Evaluate 0 + -12 - ((-20 - -32 - -54) + 16 + 9).
-103
Calculate -21 + (11 - 6 - -5) - (16 + -62).
35
22 + (-58 - (-58 - -24))
-2
What is the value of (32 + -10 - (-38 - -60)) + 2 + (3 - 6)?
-1
What is -101 + 23 + -206 + 262?
-22
What is -2 - (-10 + 0) - (-37 + 27 - (0 + -1))?
17
What is -17 + 11 - (-53 + 35) - 45?
-33
-51 + -2 - ((-26 - -42) + 69 + -72)
-66
Calculate 0 + -84 - ((-287 - -23) + 281).
-101
What is the value of 69 - -11 - (-28 + 154)?
-46
84 + -139 - (3 + -70)
12
What is 6 - (-74 + -59 + 39 + 37)?
63
0 + -2 + 62 - (12 + 41 + -49)
56
Calculate (-14 - (114 - 64)) + 60.
-4
What is -47 + 191 + -81 + 12?
75
What is the value of -4 + (-1 - (-12 - -12) - -8) - -1?
4
What is 24 - (-3 - (2 + -16)) - 70?
-57
What is the value of (118 - 102 - 2) + -1 + (0 - -7)?
20
What is the value of 12 - (21 + 46 - 36)?
-19
What is the value of -9060 - -8957 - (0 - 59)?
-44
What is 7 - (6 - (15 + 3 - (3 + 5))) - 73?
-62
Evaluate -8 + 6 + -10 + 5 + -5 - (-1 - -6).
-17
What is the value of (-7 - (-14 + 0)) + (-26 - -108 - 17)?
72
Calculate -15 + -18 + 30 + (9 + 3 - 9).
0
2472 + -2425 + (-2 - 38)
7
Evaluate 2 + 56 - (1 + (-1 - 7) + (852 - 838)).
51
What is 44054 + -44215 - (1 + -208)?
46
Calculate (7 + -29 - (5 - 32)) + 2 + 10.
17
What is the value of 9 - (10 - 13 - -8) - (-29 + 14 + -2)?
21
(-63 - -68) + (17 - (-13 + -75))
110
(2 - -2 - -2) + 36 + (9 - 41)
10
-11 - -44 - (-1 - -2) - (-1 - 2)
35
-86 + (-1 - -1) - (3973 + -3968)
-91
What is -122 + (84 - 101) + 191?
52
What is the value of (26 - 46) + (-4 - -52 - 7)?
21
What is (14 - ((4 - (-5 - -15)) + 18)) + -3 + 4?
3
What is the value of 22 - ((26 - 1) + 1694 + -1708)?
11
What is the value of 65 + -1 + 0 + 48 + -45 + 22 + -23?
66
Calculate -20 + 38 + 115 + -74.
59
What is the value of -12 + (7 - (1 + 18) - (46 - 127))?
57
Calculate (-125 + 34 - -133) + (-1 - 0) + -1 + -3.
37
What is -88 + 34 + 104 + -70?
-20
1 - -11 - (-4374 + 4382)
4
Evaluate -62 - (-506 - -493 - (-45 - -3)).
-91
What is the value of (-66 - -73) 